 -13 + 3 + 12 - -7 - 26?
-17
What is (0 - 1) + (-115 - -84) + 27?
-5
Calculate (-21 - (-13 - -24)) + 12.
-20
What is the value of (-3 - -5) + (6 + -8 - -3 - -4)?
7
What is the value of 2 + (-28 - (-12 + 4))?
-18
What is the value of -6 + -12 + (-8 - -15)?
-11
Calculate -2 + -72 + 67 + (3 - -1).
-3
What is the value of 283 + -269 + (-10 - 6)?
-2
Evaluate -5 + 0 + (-8 + 88 - 82).
-7
What is the value of -28 - (4 + 19 - 33)?
-18
What is the value of 1 + -8 + (8 - -1 - (-16 - -13))?
5
Calculate -49 + 43 - (-12 - -14).
-8
What is the value of 11 + -1 + (-24 - -34 - 19)?
1
What is the value of ((-2 - -9) + 9 - 10) + -2?
4
What is the value of (-18 - (-1 - (7 + 7))) + -29?
-32
(17 - (-11 + 53)) + (-1 - -8 - 3)
-21
What is the value of (-98 - -97 - (1 - 8)) + (0 - 3)?
3
18 + (-30 - (19 - 27))
-4
Evaluate (-35 + -1 + 18 - -7) + 24.
13
Evaluate -8 + (-4 + 3 - (80 + -65)).
-24
Calculate 6 + -26 + 8 + 15.
3
-15 + 2 + -28 + 25 + (-4 - -1)
-19
Evaluate -2 - (0 - (2 + (0 - 1) + 4)).
3
What is (-1 - -6 - (26 + -16 - 0)) + -6?
-11
Evaluate 497 + -503 - (-18 - 0).
12
-38 - -85 - 73 - (0 - 3)
-23
Evaluate (6 - (10 + -4 + -3 + 1)) + 4.
6
What is -26 - (-31 - -15) - (0 + -6) - -21?
17
Calculate (0 - -2) + 5 + (52 + -112 - -59).
6
What is the value of 9 - (-1 - 0) - (213 + -222)?
19
What is the value of -2 + -6 + -3 + -2 - (207 - 209)?
-11
Evaluate -5 + -25 + 20 - (-1 - 2).
-7
0 - (18 + 17 - 10)
-25
What is 9 + (0 - 29 - -4)?
-16
What is (-3 - 12) + (-14 + -19 - -23)?
-25
Calculate -17 + (32 - 16) - (-15 - (3 + -1)).
16
What is the value of (-23 - 38) + 22 + 29?
-10
Calculate ((1 - -1) + 5 - (5 + 8)) + 9.
3
(-8 + 20 - 4) + -9 + (1 - -10)
10
What is -6 + (2 - 4) + 11 + -9 + -8?
-14
What is -9 + 18 + (-13 - 0)?
-4
-10 + 34 + -26 - (2 - 4 - 3)
3
Evaluate (19 - 2) + (10 - 20) + 3.
10
Calculate (21 - 7) + -25 + 7.
-4
(16 - (-14 - -11)) + -10
9
Evaluate 1 + -22 - (-18 + (3 - (-15 - -4))).
-17
-2 - -9 - (1 - -1)
5
What is (-47 - -22) + -1 + 43?
17
15 - 5 - (-12 - -20) - 19
-17
Calculate 25 - (69 - 45) - -25.
26
Evaluate -2 - -2 - 1 - (-124 - -127) - 22.
-26
-18 + 6 + (4 - -2 - 5 - 2)
-13
What is -16 - (-22 + (14 - 2))?
-6
What is -26 + (-9 - -16) - -30?
11
What is the value of -16 - (30 + -17 + -26)?
-3
What is 1 - (24 + 4 + 4) - -1?
-30
(8 - (-4 + 13)) + 1 + -1
-1
What is the value of 9 - (19 - 7 - -9)?
-12
Evaluate (-1 - ((-8 - -4) + 1)) + -2 + -4.
-4
What is 4 - (1 - (4 + (5 - 8)))?
4
Calculate 37 + -16 + -8 - -4.
17
What is the value of (1 + -16 - -9) + 13 - -9 - -4?
20
What is 1 + (0 - -10 - (-10 + 30)) - 17?
-26
Calculate -34 - (-2 - (12 + 26)).
6
What is the value of -17 + -7 + (-10 - -23)?
-11
Evaluate 1 + 1 - (36 + -6 + -25) - -18.
15
What is 13 - (29 - 1 - 18)?
3
What is the value of 1 - -19 - (5 - -11)?
4
Calculate 22 + (-23 - -5) + -10 + 30.
24
Evaluate -11 - ((-10 - 2) + 14).
-13
What is 7 + (7 - (-5 - (-17 - -8)))?
10
What is 3 + (-2 + -10 - (-18 - -17))?
-8
Evaluate 0 + 6 + (-100 - -69 - -8).
-17
What is -6 + (3 - (1 + -3 + -2)) + -8?
-7
(-4 - (10 - 5)) + 6 - 5
-8
Evaluate 7 + (4 - 42) - -21.
-10
Evaluate 2 + 1 + -6 - (-1036 + 1037).
-4
Calculate 16 + (-2 - ((1 - -1) + -4 - -6)).
10
2 - (4 + 6 - 7 - 5)
4
Calculate 0 - (-22 + 23 + -23).
22
What is -48 + 51 + (-3 - 3) + -1?
-4
What is (281 - 275) + (-2 - (-2 + 4))?
2
What is the value of 33 + (10 - 24) + 2?
21
Calculate 25 + -71 + 28 + 31.
13
2 - (-42 + 17 + 11)
16
What is -20 - (16 - 34) - -2?
0
Evaluate -3 + 10 - 17 - (-13 - (-3 + -3)).
-3
Evaluate (9 - (-1 - 11 - (14 + -17))) + -6.
12
What is the value of (-1 + 20 - 26) + 1 + 3?
-3
What is the value of (28 - 12 - 6) + (-1 - 7)?
2
(2 - 6) + (14 - 0 - (0 + 1))
9
What is -19 + 20 - (-9 + -7 + 4 + 0)?
13
What is the value of 17 + (-19 + -2 - -5)?
1
Calculate -17 + -3 + 15 + -7 + -6.
-18
What is the value of 3 + -18 + 5 - (-66 - -65)?
-9
What is (20 + -7 + -8 - 4) + -25?
-24
What is (22 - 60) + 10 + 21?
-7
What is the value of -14 + 22 + -8 + -36 + 16?
-20
(2 + -2 - -3) + 1 + -3
1
-3 + 6 - (-23 - (-12 + -8))
6
Evaluate (4 - -3) + (1019 - 996).
30
What is -8 + 14 + 4 - 11 - -2?
1
What is the value of 11 - (0 + (-19 - (6 + -16)))?
20
What is (-4 - -11) + (10 - 5) - (23 + -8)?
-3
Calculate -6 + 0 + (-1 + (3 - 5) - -15).
6
What is the value of (1 - (4 + -3)) + 5 + -6 - 2?
-3
What is the value of 6 + -3 - (-4 - -12 - (43 - 41))?
-3
-16 - -29 - (1 - -5)
7
What is 3 - ((-3 + -12 - -5) + -21 + 12)?
22
Evaluate -5884 + 5889 - (-2 + 0 + (32 - -3)).
-28
What is the value of 0 + -12 - (-20 - (-8 + -9))?
-9
Calculate -12 - -5 - (-2 + -22 + 2).
15
0 + 14 + 85 + -93
6
115 + -121 + (14 - 0)
8
What is (22 + -12 - 4) + -4 + -3 + 3?
2
Calculate (-5 - -16 - (34 + -12)) + 1.
-10
What is (-3 - (8 - 5)) + (14 - (0 + 7))?
1
(-2 + 11 - 6) + (3 - (0 - -8))
-2
Evaluate 4 + (9 + -1 + -4 - -3 - 3).
8
Calculate -7 - (-32 - (-13 - -10)).
22
-6 + (-21 - -10) + 19 + -30 + -2
-30
Calculate -38 - (0 - 20) - -3.
-15
What is the value of (0 - (-1 - -2)) + 11 + 3 - 4?
9
What is (-2 - -6 - -7) + 1 - 28?
-16
Evaluate 0 + -1 + 2 + (-14 - -14).
1
What is 16 - (-1 + 25 + 2)?
-10
(12 - 25) + -1 + 29
15
What is (-37 - -18) + -9 + 34?
6
Evaluate 98 + (-11 - 24) + -34.
29
-2 + 7 + -8 + 4 - (-169 + 139)
31
What is 0 + 7 - ((-18 - -62 - 3) + -4)?
-30
Evaluate -6 - (5 + -6 + -4 - -1).
-2
What is the value of (-16 - 3) + 7 + (-22 - -11) + 5?
-18
What is -2 + -2 + -13 + 6?
-11
11 - (6 + (-1 - 12) + 0)
18
What is -12 - (-2 - (6 + -2)) - -9 - -8?
11
What is the value of (-5 - 0 - -13) + 0 + -7 - -12?
13
Calculate 9 + 0 + (-28 + 19 - -11).
11
Evaluate 2 + -1 + -5 + -6 + (0 - -4).
-6
What is (4 - -3 - (31 - 40)) + 0 + -7?
9
What is the value of (0 - 0) + (190 - 202)?
-12
-11 - (8 + -16 + 3)
-6
Evaluate -31 + 14 + -8 + 23.
-2
Evaluate 2 - -28 - (498 + -480).
12
What is the value of 8 + 4 - 4 - (-14 + 8 - -5)?
9
(2 - (-44 - -6 - -12)) + -6
22
-8 - (-8 - 2 - (-30 + 28))
0
Evaluate -74 + 64 - (-4 + -29) - 11.
12
-24 - (6 - 27) - (10 - 0)
-13
-22 - (-9 + (6 - -2) + -11)
-10
What is (13 - 2 - (-13 - -15)) + 0 + 6?
15
Calculate (-52 - -56) + 2 + -8 + 2 + 1.
1
Evaluate -24 + (-12 - -10) + 14.
-12
What is (36 - (30 + 9)) + 35?
32
Calculate (-196 - -214) + 1 + -6.
13
Evaluate 21 - -2 - 10 - 23.
-10
Evaluate 115 + 8 - 116 - (2 - 1 - 1).
7
What is the value of 6 + (7 + 2 - 4 - (33 - -8))?
-30
Evaluate 5 + -4 + 2 + 11 + 4 - 5.
13
Calculate 0 - (-2 + -1 + -2) - (-32 - -42).
-5
What is (-54 - (-38 - 16)) + -1 + 1 + -5?
-5
Evaluate (-4 - (-17 + 0)) + -18.
-5
What is 5 + (-7 - (0 + 6))?
-8
-6 + (5 - ((-3 - -14) + -6)) - -8
2
What is -20 + -10 + (5 - 22 - -10)?
-37
Evaluate -55 - -65 - ((-6 - -4) + -3 - -3).
12
Calculate 16 - (11 + (-11 - -3) - -2).
11
Evaluate 2 + (2 - -3 - (34 + -29)) - -4.
6
What is (20 - -16) + 8 + -33?
11
Calculate (4 - (32 + -9)) + 44.
25
What is the value of 13 + (1 - -1) + -29 + 24?
10
Evaluate -13 + (12 - -4) - -4.
7
Calculate (13 - (19 - 8)) + 7.
9
What is the value of (-24 + -6 + 5 - 12) + 13?
-24
-20 - (-32 + 17) - (14 + -2)
-17
What is the value of -1 + (-5 + 9 - -1) + 0 - 23?
-19
What is the value of 0 - -6 - ((-3 - -6) + -9 + 22)?
-10
Evaluate (-8 - ((-8 - -5) + -1)) + -15.
-19
Calculate -38 - (-26 + -7 - -33).
-38
What is -15 - (-11 - (28 - 25))?
-1
Calculate (6 + -6 - 8 - -11) + 0 - -8.
11
Evaluate (-112 - -35) + 67 + (10 - 2 - 0).
-2
97 - 35 - 61 - ((1 - 0) + -2)
2
Calculate (1 - 24) + (0 - -12 - (9 - 4)).
-16
Evaluate -32 - (-28 - (5 + -17)).
-16
Evaluate -1 + (-10 - (-9 - -1 - -12)).
-15
Calculate -6 - (-20 + -9 + 15).
8
What is the value of 13 - 0 - (-71 + 69 + 1)?
14
(2 - (-27 - -15) - 9) + (29 - 4)
30
Evaluate -4 - 2 - (-17 + -13 + 33).
-9
What is (-8 - (2 + -10)) + -14 + 9 - 13?
-18
What is -71 + 79 + -37 + 10 + 2?
-17
What is (22 - (-2 - (-8 - 6))) + -20?
-10
7 + -19 - (-36 - -13)
11
What is (8 - 14 - 2) + 7 + -19?
-20
Evaluate 10 + -33 + (0 - (-8 - 4)).
-11
Evaluate (3 - 2) + (-1 - 0) - (-8 + -19).
27
0 + (7 - (0 - 0))
7
What is -1 + (293 - 290) + (-1 - -15)?
16
What is the value of -33 + (-30 - -30 - -29)?
-4
Calculate (-9 - (2 + 0)) + (2 - (10 - 10)).
-9
What is the value of 1 - ((8 - -11) + -33 - 18)?
33
Calculate (3 - 12) + -6 + 5 + 9.
-1
What is the value of (-1 + -4 - (2 + 5)) + (-50 - -24)?
-38
Evaluate 10 - (-3 + 0 + 4 + 6 + -5).
8
What is -6 - -2 - (2 - (-10 - -19))?
3
Calculat